be n(r). Calculate the greatest common divisor of 32 and f.
4
Let s = -979 - -988. Calculate the greatest common divisor of 2 and s.
1
Let f(g) = 6*g**2 - 15*g + 30. Let z be f(5). Calculate the greatest common factor of 10 and z.
5
Suppose 5*h = 0, h + 88 = -0*t + 4*t. Let n(d) = 3*d**3 - 2*d + 1. Let g be n(1). Calculate the highest common factor of g and t.
2
Let y(v) be the first derivative of -4*v**2 - 12*v + 13. Let n be y(-3). Calculate the highest common divisor of 30 and n.
6
Suppose -2*w = -5*b + 23 + 17, 5*w + 24 = 3*b. Calculate the highest common factor of 2344 and b.
8
Let h(x) = 160*x**2 - 45*x + 14. Let v be h(-4). What is the highest common factor of v and 102?
102
Let z be 884/34 + -6 + 1. Calculate the highest common factor of 57 and z.
3
Suppose 0*o = 4*o - 1368. Let c = -227 + o. Calculate the greatest common factor of 46 and c.
23
Let g = 339 + -213. Let o be (-36)/g + (-116)/(-14). Suppose -i - 1 + 25 = 0. Calculate the highest common divisor of i and o.
8
Let w(o) be the first derivative of -o**3/3 - 4*o**2 - 3*o + 2. Let l be w(-6). Let u = 1288 + -1252. What is the highest common factor of u and l?
9
Suppose -125*n + 4*d = -124*n - 204, 0 = 3*d. What is the highest common divisor of n and 646?
34
Let j(o) = 40*o - 10. Let i be j(4). Suppose -i - 4 = -7*w. What is the highest common factor of w and 55?
11
Suppose -17*w + 0*w + 6120 = 0. What is the greatest common divisor of 45 and w?
45
Let r(d) = -42*d + 168. Let j be r(-6). Calculate the greatest common factor of j and 14.
14
Suppose -49 + 31 = -3*l. Let z(r) = -2*r - 4. Let c be z(-3). What is the greatest common factor of c and l?
2
Let g be 3/((-9)/12*-2). Let n = 2 + g. Suppose -n*v + 25 = -31. Calculate the highest common factor of 35 and v.
7
Let u be ((-50)/175)/(1/(-7)). Suppose 2*f + 0 = 2. What is the highest common factor of f and u?
1
Let d = 39 - 37. Suppose -5*w + 335 = d*l, -3*l + 5*w + 132 = -333. What is the greatest common factor of l and 20?
20
Let y be 3/((4/(-18))/((-464)/12)). Suppose 5*v + 4*d + y = 1532, -5 = -d. What is the greatest common factor of v and 18?
18
Let w = -1561 + 3545. What is the highest common divisor of w and 31?
31
Let a be 9 - ((-2)/4)/(5/(-10)). Suppose -2*o + 2 = -a. Calculate the greatest common divisor of 5 and o.
5
Let c(a) = 17*a. Let l be c(2). Let x = 58 - l. Calculate the greatest common factor of x and 168.
24
Let g be (-2)/(-9) + (-3 - 151/(-9)). Calculate the greatest common factor of g and 217.
7
Let x = -20 + 22. Suppose 20 = 2*i - i + 3*n, x*n = i - 30. Suppose -r + 18 = -i. Calculate the highest common factor of 4 and r.
4
Let d be 240/(-180)*(-9)/4*2. Suppose -2*t = -6, -2*f + 2 = 4*t - d*t. Calculate the greatest common factor of 2 and f.
2
Suppose -12*j + 6 = -9*j. Suppose -3*r + 44 = j*t, 21 = 2*t - 2*r - 23. What is the greatest common factor of 88 and t?
22
Suppose -4*k + 21*k - 170 = 0. Calculate the greatest common divisor of 270 and k.
10
Suppose 45 = 4*u - 5*u. Let l = -27 - u. Let k be l/12*(-88)/(-3). Calculate the greatest common divisor of 11 and k.
11
Suppose 4*j - 77 = -3*o, -2*o = 4*j + 2*o - 76. Let v(r) = -r**3 + 8*r**2 + 108*r - 35. Let w be v(15). Calculate the greatest common divisor of j and w.
10
Let b = 868 - 812. What is the highest common factor of b and 168?
56
Suppose -6*q + 10*q - 112 = 0. Suppose 0 = 3*h - h - 280. Calculate the highest common divisor of q and h.
28
Let l = -40 + 16. Let t be 96/2*(-18)/l. What is the highest common factor of 18 and t?
18
Let h(a) = 34*a**2 + 3*a + 2. Let w be h(2). Let f be -28*(2 + (-5 - -2)). Suppose w = q + f. What is the greatest common factor of q and 29?
29
Let l(m) = -2*m**2 - 15*m + 3. Let c be l(-7). What is the highest common factor of c and 6?
2
Let x be (198/88)/(7/168). What is the greatest common factor of x and 2025?
27
Suppose -29 = 12*x - 89. Calculate the highest common factor of 35 and x.
5
Let l = 10156 + -5772. What is the highest common divisor of 137 and l?
137
Suppose 411 = 48*g - 45*g. Let a = g + -57. Calculate the highest common factor of a and 40.
40
Suppose -5*z - 222 = -5*u - 712, 4*z - 5*u - 395 = 0. Calculate the highest common factor of z and 38.
19
Suppose 0 = -3*s + 36 + 204. What is the highest common factor of 24 and s?
8
Let o = -260 - -261. What is the greatest common divisor of 3 and o?
1
Let g(z) = z**3 - 4*z**2 + z + 2. Let n be g(4). Suppose -3*h + 45 = -n*h. Let w be (-150)/4*20/h. What is the highest common factor of w and 20?
10
Suppose -5*q = -v - 1361, 10*q - 6*q = 2*v + 1090. What is the greatest common factor of q and 102?
34
Suppose -l = -0 - 3, -3*k = -l + 12. Let u be (4/(-2))/(3*2/k). What is the highest common divisor of u and 5?
1
Let f(s) = s**3 + 3*s**2 - 3*s + 3. Let m be f(-5). Let z = m + 56. What is the greatest common factor of 12 and z?
12
Let q be (-6 - (-204)/24)*48/10. Suppose s - 4*x - 42 = 2, s = 5*x + 46. Calculate the highest common factor of q and s.
12
Let f be 6/(-18)*(-1 - 2). Let k = f + 9. Calculate the greatest common divisor of 90 and k.
10
Let a = 490 + -473. What is the greatest common factor of 1394 and a?
17
Let z be 13*((-378)/117 + 8). Let u = 123 - 30. What is the greatest common divisor of u and z?
31
Let r = -16 - -30. Let p = 8 + -24. Let u = p + 30. What is the highest common divisor of u and r?
14
Suppose 3*d = 2*d. Suppose d = 3*u - 78 - 30. Let r = -10 + 14. Calculate the highest common factor of r and u.
4
Suppose -22*k + 21*k = -2*a + 55, 2*a - 58 = 4*k. Let c be (-6)/21 - (-569)/7. Calculate the greatest common divisor of c and a.
27
Let y = -84 - -79. Let v be (-3)/(-9)*(17 + y) + 24. What is the highest common divisor of 7 and v?
7
Let s be (0 + -1)*(-11 - (-5 + 8)). Suppose -n + s = -3*r - 13, -6 = -3*r. Calculate the highest common divisor of 3 and n.
3
Let b = -9 - -11. Suppose -o + b*o - 67 = -5*r, -5*o + 23 = r. Let y = r + -10. Calculate the highest common factor of y and 9.
3
Suppose -844 = 35*l - 2104. What is the greatest common divisor of 36 and l?
36
Let b be (-10)/8*(4 - -4). Let m(z) = -z**3 - 10*z**2 - 9*z + 14. Let y be m(b). Suppose 5*j - y = -24. Calculate the greatest common factor of 16 and j.
16
Let k(v) = -v**3 + 6*v**2 - 6*v. Suppose -13 - 5 = -3*f. Suppose 8*n - f = 6*n. Let d be k(n). What is the highest common factor of 1 and d?
1
Suppose r + p = 3*r + 7, -p - 28 = 5*r. Let n be r/(5/4) + 24. What is the greatest common factor of n and 5?
5
Let h(y) = -82*y + 507. Let u be h(6). What is the highest common divisor of 230 and u?
5
Suppose -7*a - 297 = -t - 10*a, t + a - 289 = 0. What is the greatest common divisor of 152 and t?
19
Suppose -5*d = 5*h - 10*d + 65, 2*h = 3*d - 22. Suppose 14*b + 75 = -457. Let z = h - b. What is the highest common divisor of 42 and z?
21
Let o = 44 + -8. Calculate the greatest common factor of 252 and o.
36
Let j be (-20)/(-70) + 40/7. Suppose 4*m - 34 = j. What is the greatest common divisor of 10 and m?
10
Let b be 2*5/(-35) - 1264/(-14). What is the greatest common factor of b and 30?
30
Suppose -4*c = -4, 8*c = 2*p + 3*c - 385. Calculate the greatest common factor of p and 455.
65
Suppose 78*p - 77*p = 94. Suppose -89*w - 220 = -p*w. Calculate the highest common divisor of 4 and w.
4
Let d(n) = n**2 - 19*n + 6. Let a be d(20). What is the greatest common divisor of a and 52?
26
Let d = 77 + 382. What is the greatest common factor of d and 51?
51
Let o(c) = -9*c**3 + 2*c**2 - c. Let f be o(1). Let x be 7/(-28) + (-394)/f. Suppose -5*b - 8*b = -91. What is the highest common divisor of b and x?
7
Let x be (-18)/(-8) - (-4)/(-16). Let n(t) = 0*t**3 - 2*t**2 + 3*t**x - t**3. Let q be n(-4). What is the greatest common divisor of q and 10?
10
Suppose 6*n - 120 = n. Let s = n - -4. Suppose -200 = t - 204. Calculate the highest common factor of t and s.
4
Suppose 2*f - 3*j - 400 = 0, -3*f - 4*j = -636 + 36. Calculate the highest common factor of f and 120.
40
Let w = 172 - 10. Calculate the greatest common divisor of w and 54.
54
Let s(z) = 22*z**2 - 41*z + 4. Let t be s(4). What is the highest common factor of 128 and t?
64
Let k be -2 + -1 + 1 + 50. Let c be (3 - (7 - 4))/(-2). Suppose -w = -5*x + 78, c*w - 5*w + 42 = 2*x. What is the highest common factor of x and k?
16
Let m(c) = 6*c**2